{"id":46,"date":"2021-10-21T12:44:46","date_gmt":"2021-10-21T12:44:46","guid":{"rendered":"https:\/\/lamazo.hu\/?page_id=46"},"modified":"2021-10-21T12:58:46","modified_gmt":"2021-10-21T12:58:46","slug":"nemzetkozi-es-belfoldi-arufuvarozas","status":"publish","type":"page","link":"https:\/\/lamazo.hu\/index.php\/nemzetkozi-es-belfoldi-arufuvarozas\/","title":{"rendered":"Nemzetk\u00f6zi \u00e9s belf\u00f6ldi \u00e1rufuvaroz\u00e1s"},"content":{"rendered":"\t\t<div data-elementor-type=\"wp-page\" data-elementor-id=\"46\" class=\"elementor elementor-46\" data-elementor-settings=\"[]\">\n\t\t\t\t\t\t\t<div class=\"elementor-section-wrap\">\n\t\t\t\t\t\t\t<section class=\"elementor-section elementor-top-section elementor-element elementor-element-4885dcc0 elementor-section-boxed elementor-section-height-default elementor-section-height-default\" data-id=\"4885dcc0\" data-element_type=\"section\" data-settings=\"{&quot;background_background&quot;:&quot;classic&quot;}\">\n\t\t\t\t\t\t\t<div class=\"elementor-background-overlay\"><\/div>\n\t\t\t\t\t\t\t<div class=\"elementor-container elementor-column-gap-default\">\n\t\t\t\t\t<div class=\"elementor-column elementor-col-100 elementor-top-column elementor-element elementor-element-1e80b4b2\" data-id=\"1e80b4b2\" data-element_type=\"column\" data-settings=\"{&quot;background_background&quot;:&quot;classic&quot;}\">\n\t\t\t<div class=\"elementor-widget-wrap elementor-element-populated\">\n\t\t\t\t\t\t\t\t<div class=\"elementor-element elementor-element-9bf650d elementor-widget elementor-widget-heading\" data-id=\"9bf650d\" data-element_type=\"widget\" data-widget_type=\"heading.default\">\n\t\t\t\t<div class=\"elementor-widget-container\">\n\t\t\t<h1 class=\"elementor-heading-title elementor-size-default\">Nemzetk\u00f6zi \u00e9s belf\u00f6ldi \u00e1rufuvaroz\u00e1s<\/h1>\t\t<\/div>\n\t\t\t\t<\/div>\n\t\t\t\t\t<\/div>\n\t\t<\/div>\n\t\t\t\t\t\t\t<\/div>\n\t\t<\/section>\n\t\t\t\t<section class=\"elementor-section elementor-top-section elementor-element elementor-element-40f80f68 elementor-section-full_width elementor-section-height-default elementor-section-height-default\" data-id=\"40f80f68\" data-element_type=\"section\">\n\t\t\t\t\t\t<div class=\"elementor-container elementor-column-gap-no\">\n\t\t\t\t\t<div class=\"elementor-column elementor-col-100 elementor-top-column elementor-element elementor-element-5f1a60dd\" data-id=\"5f1a60dd\" data-element_type=\"column\">\n\t\t\t<div class=\"elementor-widget-wrap elementor-element-populated\">\n\t\t\t\t\t\t\t\t<div class=\"elementor-element elementor-element-21b846f9 elementor-widget elementor-widget-spacer\" data-id=\"21b846f9\" data-element_type=\"widget\" data-widget_type=\"spacer.default\">\n\t\t\t\t<div class=\"elementor-widget-container\">\n\t\t\t\t\t<div class=\"elementor-spacer\">\n\t\t\t<div class=\"elementor-spacer-inner\"><\/div>\n\t\t<\/div>\n\t\t\t\t<\/div>\n\t\t\t\t<\/div>\n\t\t\t\t\t<\/div>\n\t\t<\/div>\n\t\t\t\t\t\t\t<\/div>\n\t\t<\/section>\n\t\t\t\t<section class=\"elementor-section elementor-top-section elementor-element elementor-element-71decdec elementor-section-boxed elementor-section-height-default elementor-section-height-default\" data-id=\"71decdec\" data-element_type=\"section\" data-settings=\"{&quot;background_background&quot;:&quot;classic&quot;}\">\n\t\t\t\t\t\t\t<div class=\"elementor-background-overlay\"><\/div>\n\t\t\t\t\t\t\t<div class=\"elementor-container elementor-column-gap-no\">\n\t\t\t\t\t<div class=\"elementor-column elementor-col-100 elementor-top-column elementor-element elementor-element-20467412\" data-id=\"20467412\" data-element_type=\"column\">\n\t\t\t<div class=\"elementor-widget-wrap elementor-element-populated\">\n\t\t\t\t\t\t\t\t<section class=\"elementor-section elementor-inner-section elementor-element elementor-element-1b18fa08 elementor-section-boxed elementor-section-height-default elementor-section-height-default\" data-id=\"1b18fa08\" data-element_type=\"section\">\n\t\t\t\t\t\t<div class=\"elementor-container elementor-column-gap-default\">\n\t\t\t\t\t<div class=\"elementor-column elementor-col-50 elementor-inner-column elementor-element elementor-element-43a45369\" data-id=\"43a45369\" data-element_type=\"column\">\n\t\t\t<div class=\"elementor-widget-wrap elementor-element-populated\">\n\t\t\t\t\t\t\t\t<div class=\"elementor-element elementor-element-ef5998 elementor-widget elementor-widget-heading\" data-id=\"ef5998\" data-element_type=\"widget\" data-widget_type=\"heading.default\">\n\t\t\t\t<div class=\"elementor-widget-container\">\n\t\t\t<h3 class=\"elementor-heading-title elementor-size-default\">Nemzetk\u00f6zi \u00e9s belf\u00f6ldi \u00e1rufuvaroz\u00e1s<\/h3>\t\t<\/div>\n\t\t\t\t<\/div>\n\t\t\t\t<div class=\"elementor-element elementor-element-3041f9e4 elementor-widget elementor-widget-text-editor\" data-id=\"3041f9e4\" data-element_type=\"widget\" data-widget_type=\"text-editor.default\">\n\t\t\t\t<div class=\"elementor-widget-container\">\n\t\t\t\t\t\t\t<p>C\u00e9g\u00fcnk sz\u00e1ll\u00edt\u00e1si sz\u00fcks\u00e9gleteinek kiel\u00e9g\u00edt\u00e9s\u00e9re saj\u00e1t g\u00e9pkocsi parkot tart fent, azonban a kapacit\u00e1sunk maxim\u00e1lis kihaszn\u00e1lts\u00e1g\u00e1hoz fuvar feladatokat is v\u00e1llalunk. Ehhez kapcsol\u00f3d\u00f3an rakod\u00f3g\u00e9ppel, illetve targonc\u00e1val t\u00f6rt\u00e9n\u0151 rakod\u00e1st is v\u00e9gz\u00fcnk egyedi ig\u00e9nyek szerint.<\/p>\t\t\t\t\t\t<\/div>\n\t\t\t\t<\/div>\n\t\t\t\t\t<\/div>\n\t\t<\/div>\n\t\t\t\t<div class=\"elementor-column elementor-col-50 elementor-inner-column elementor-element elementor-element-550a4a03\" data-id=\"550a4a03\" data-element_type=\"column\">\n\t\t\t<div class=\"elementor-widget-wrap elementor-element-populated\">\n\t\t\t\t\t\t\t\t<div class=\"elementor-element elementor-element-61b497ca elementor-icon-list--layout-traditional elementor-list-item-link-full_width elementor-widget elementor-widget-icon-list\" data-id=\"61b497ca\" data-element_type=\"widget\" data-widget_type=\"icon-list.default\">\n\t\t\t\t<div class=\"elementor-widget-container\">\n\t\t\t\t\t<ul class=\"elementor-icon-list-items\">\n\t\t\t\t\t\t\t<li class=\"elementor-icon-list-item\">\n\t\t\t\t\t\t\t\t\t\t\t<span class=\"elementor-icon-list-icon\">\n\t\t\t\t\t\t\t<i aria-hidden=\"true\" class=\"fas fa-minus\"><\/i>\t\t\t\t\t\t<\/span>\n\t\t\t\t\t\t\t\t\t\t<span class=\"elementor-icon-list-text\">Belf\u00f6ldi- \u00e9s k\u00fclf\u00f6ldi sz\u00e1ll\u00edtm\u00e1nyoz\u00e1st is v\u00e1llalunk 3,5 t - 24 t k\u00f6z\u00f6tti teherb\u00edr\u00e1s\u00fa g\u00e9pj\u00e1rm\u0171vekkel.<\/span>\n\t\t\t\t\t\t\t\t\t<\/li>\n\t\t\t\t\t\t\t\t<li class=\"elementor-icon-list-item\">\n\t\t\t\t\t\t\t\t\t\t\t<span class=\"elementor-icon-list-icon\">\n\t\t\t\t\t\t\t<i aria-hidden=\"true\" class=\"fas fa-minus\"><\/i>\t\t\t\t\t\t<\/span>\n\t\t\t\t\t\t\t\t\t\t<span class=\"elementor-icon-list-text\">\u00dczletpolitik\u00e1nkban fontosnak tartjuk a megrendel\u0151i ig\u00e9nyek magas szint\u0171 \u00e9s gyors teljes\u00edt\u00e9s\u00e9t.<\/span>\n\t\t\t\t\t\t\t\t\t<\/li>\n\t\t\t\t\t\t\t\t<li class=\"elementor-icon-list-item\">\n\t\t\t\t\t\t\t\t\t\t\t<span class=\"elementor-icon-list-icon\">\n\t\t\t\t\t\t\t<i aria-hidden=\"true\" class=\"fas fa-minus\"><\/i>\t\t\t\t\t\t<\/span>\n\t\t\t\t\t\t\t\t\t\t<span class=\"elementor-icon-list-text\">Folyamatosan fejlesztj\u00fck, b\u0151v\u00edtj\u00fck megl\u00e9v\u0151 g\u00e9pj\u00e1rm\u0171parkunkat, munkat\u00e1rsaink rendszeresen k\u00e9pz\u00e9seken vesznek r\u00e9szt, hogy a vev\u0151i elv\u00e1r\u00e1sokat kimagasl\u00f3 min\u0151s\u00e9gben tudjuk teljes\u00edteni.<\/span>\n\t\t\t\t\t\t\t\t\t<\/li>\n\t\t\t\t\t\t\t\t<li class=\"elementor-icon-list-item\">\n\t\t\t\t\t\t\t\t\t\t\t<span class=\"elementor-icon-list-icon\">\n\t\t\t\t\t\t\t<i aria-hidden=\"true\" class=\"fas fa-minus\"><\/i>\t\t\t\t\t\t<\/span>\n\t\t\t\t\t\t\t\t\t\t<span class=\"elementor-icon-list-text\">Tapasztalt, Eur\u00f3pa orsz\u00e1gait bej\u00e1rt sof\u0151r\u00f6kkel \u00e1llunk rendelkez\u00e9sre.<\/span>\n\t\t\t\t\t\t\t\t\t<\/li>\n\t\t\t\t\t\t<\/ul>\n\t\t\t\t<\/div>\n\t\t\t\t<\/div>\n\t\t\t\t\t<\/div>\n\t\t<\/div>\n\t\t\t\t\t\t\t<\/div>\n\t\t<\/section>\n\t\t\t\t\t<\/div>\n\t\t<\/div>\n\t\t\t\t\t\t\t<\/div>\n\t\t<\/section>\n\t\t\t\t\t\t<\/div>\n\t\t\t\t\t<\/div>\n\t\t","protected":false},"excerpt":{"rendered":"<p>Nemzetk\u00f6zi \u00e9s belf\u00f6ldi \u00e1rufuvaroz\u00e1s Nemzetk\u00f6zi \u00e9s belf\u00f6ldi \u00e1rufuvaroz\u00e1s C\u00e9g\u00fcnk sz\u00e1ll\u00edt\u00e1si sz\u00fcks\u00e9gleteinek kiel\u00e9g\u00edt\u00e9s\u00e9re saj\u00e1t g\u00e9pkocsi parkot tart fent, azonban a kapacit\u00e1sunk maxim\u00e1lis kihaszn\u00e1lts\u00e1g\u00e1hoz fuvar feladatokat is v\u00e1llalunk. Ehhez kapcsol\u00f3d\u00f3an rakod\u00f3g\u00e9ppel, illetve targonc\u00e1val t\u00f6rt\u00e9n\u0151 rakod\u00e1st is v\u00e9gz\u00fcnk egyedi ig\u00e9nyek szerint. Belf\u00f6ldi- \u00e9s k\u00fclf\u00f6ldi sz\u00e1ll\u00edtm\u00e1nyoz\u00e1st is v\u00e1llalunk 3,5 t &#8211; 24 t k\u00f6z\u00f6tti teherb\u00edr\u00e1s\u00fa g\u00e9pj\u00e1rm\u0171vekkel. \u00dczletpolitik\u00e1nkban fontosnak tartjuk [&hellip;]<\/p>\n","protected":false},"author":1,"featured_media":0,"parent":0,"menu_order":0,"comment_status":"closed","ping_status":"closed","template":"elementor_header_footer","meta":{"footnotes":""},"class_list":["post-46","page","type-page","status-publish","hentry","entry","owp-thumbs-layout-horizontal","owp-btn-normal","owp-tabs-layout-horizontal","has-no-thumbnails","has-product-nav"],"_links":{"self":[{"href":"https:\/\/lamazo.hu\/index.php\/wp-json\/wp\/v2\/pages\/46","targetHints":{"allow":["GET"]}}],"collection":[{"href":"https:\/\/lamazo.hu\/index.php\/wp-json\/wp\/v2\/pages"}],"about":[{"href":"https:\/\/lamazo.hu\/index.php\/wp-json\/wp\/v2\/types\/page"}],"author":[{"embeddable":true,"href":"https:\/\/lamazo.hu\/index.php\/wp-json\/wp\/v2\/users\/1"}],"replies":[{"embeddable":true,"href":"https:\/\/lamazo.hu\/index.php\/wp-json\/wp\/v2\/comments?post=46"}],"version-history":[{"count":7,"href":"https:\/\/lamazo.hu\/index.php\/wp-json\/wp\/v2\/pages\/46\/revisions"}],"predecessor-version":[{"id":54,"href":"https:\/\/lamazo.hu\/index.php\/wp-json\/wp\/v2\/pages\/46\/revisions\/54"}],"wp:attachment":[{"href":"https:\/\/lamazo.hu\/index.php\/wp-json\/wp\/v2\/media?parent=46"}],"curies":[{"name":"wp","href":"https:\/\/api.w.org\/{rel}","templated":true}]}}